 is divided by 69?
67
Calculate the remainder when 670 is divided by 3.
1
What is the remainder when 194 is divided by 5?
4
What is the remainder when 2798 is divided by 39?
29
Calculate the remainder when 39 is divided by 18.
3
Calculate the remainder when 94 is divided by 74.
20
Calculate the remainder when 337 is divided by 2.
1
Calculate the remainder when 38124 is divided by 61.
60
Calculate the remainder when 837 is divided by 7.
4
What is the remainder when 200 is divided by 29?
26
Calculate the remainder when 19 is divided by 9.
1
Calculate the remainder when 289 is divided by 152.
137
Calculate the remainder when 433 is divided by 93.
61
What is the remainder when 128 is divided by 17?
9
Calculate the remainder when 80 is divided by 1.
0
Calculate the remainder when 119 is divided by 60.
59
Calculate the remainder when 1167 is divided by 86.
49
What is the remainder when 725 is divided by 11?
10
What is the remainder when 133 is divided by 28?
21
Calculate the remainder when 64 is divided by 35.
29
What is the remainder when 13395 is divided by 22?
19
What is the remainder when 2930 is divided by 147?
137
What is the remainder when 31516 is divided by 34?
32
What is the remainder when 1857 is divided by 64?
1
What is the remainder when 344 is divided by 105?
29
What is the remainder when 544 is divided by 145?
109
Calculate the remainder when 118 is divided by 116.
2
Calculate the remainder when 6277 is divided by 299.
297
What is the remainder when 192 is divided by 97?
95
What is the remainder when 920 is divided by 302?
14
Calculate the remainder when 4838 is divided by 47.
44
What is the remainder when 437 is divided by 55?
52
Calculate the remainder when 545 is divided by 39.
38
What is the remainder when 195 is divided by 20?
15
Calculate the remainder when 836 is divided by 24.
20
What is the remainder when 35782 is divided by 18?
16
What is the remainder when 899 is divided by 129?
125
What is the remainder when 11018 is divided by 16?
10
What is the remainder when 6762 is divided by 10?
2
Calculate the remainder when 3406 is divided by 1135.
1
Calculate the remainder when 128 is divided by 33.
29
What is the remainder when 204 is divided by 8?
4
What is the remainder when 195 is divided by 33?
30
What is the remainder when 232 is divided by 18?
16
Calculate the remainder when 83 is divided by 43.
40
Calculate the remainder when 896 is divided by 111.
8
What is the remainder when 66 is divided by 14?
10
What is the remainder when 431 is divided by 62?
59
What is the remainder when 229 is divided by 33?
31
What is the remainder when 2500 is divided by 39?
4
Calculate the remainder when 522 is divided by 98.
32
What is the remainder when 422 is divided by 61?
56
What is the remainder when 1126 is divided by 94?
92
Calculate the remainder when 796 is divided by 42.
40
Calculate the remainder when 1715 is divided by 216.
203
Calculate the remainder when 398 is divided by 50.
48
What is the remainder when 205 is divided by 42?
37
Calculate the remainder when 6269 is divided by 33.
32
Calculate the remainder when 117 is divided by 30.
27
Calculate the remainder when 51 is divided by 43.
8
Calculate the remainder when 730 is divided by 178.
18
Calculate the remainder when 897 is divided by 447.
3
What is the remainder when 1672 is divided by 404?
56
Calculate the remainder when 51 is divided by 3.
0
Calculate the remainder when 83 is divided by 18.
11
What is the remainder when 560 is divided by 38?
28
Calculate the remainder when 2333 is divided by 41.
37
What is the remainder when 55 is divided by 47?
8
What is the remainder when 291 is divided by 59?
55
What is the remainder when 8414 is divided by 46?
42
Calculate the remainder when 1990 is divided by 24.
22
What is the remainder when 329 is divided by 318?
11
What is the remainder when 7738 is divided by 15?
13
What is the remainder when 123 is divided by 63?
60
What is the remainder when 1089 is divided by 13?
10
Calculate the remainder when 3359 is divided by 15.
14
What is the remainder when 453 is divided by 135?
48
Calculate the remainder when 1220 is divided by 316.
272
What is the remainder when 88 is divided by 24?
16
What is the remainder when 1424 is divided by 102?
98
What is the remainder when 121 is divided by 61?
60
Calculate the remainder when 1460 is divided by 46.
34
What is the remainder when 109 is divided by 58?
51
What is the remainder when 755 is divided by 84?
83
Calculate the remainder when 958 is divided by 943.
15
What is the remainder when 93 is divided by 93?
0
Calculate the remainder when 2122 is divided by 218.
160
Calculate the remainder when 78 is divided by 77.
1
Calculate the remainder when 202 is divided by 29.
28
What is the remainder when 184 is divided by 78?
28
What is the remainder when 368 is divided by 41?
40
Calculate the remainder when 97 is divided by 20.
17
Calculate the remainder when 94 is divided by 40.
14
Calculate the remainder when 95 is divided by 49.
46
Calculate the remainder when 12239 is divided by 9.
8
Calculate the remainder when 8 is divided by 5.
3
What is the remainder when 415 is divided by 5?
0
What is the remainder when 14653 is divided by 5?
3
Calculate the remainder when 2794 is divided by 13.
12
Calculate the remainder when 170 is divided by 16.
10
Calculate the remainder when 2602 is divided by 866.
4
Calculate the remainder when 2693 is divided by 9.
2
What is the remainder when 13858 is divided by 167?
164
What is the remainder when 22 is divided by 5?
2
What is the remainder when 97 is divided by 37?
23
Calculate the remainder when 778 is divided by 27.
22
What is the remainder when 1211 is divided by 45?
41
Calculate the remainder when 132 is divided by 42.
6
What is the remainder when 741 is divided by 130?
91
What is the remainder when 730 is divided by 168?
58
Calculate the remainder when 1619 is divided by 113.
37
What is the remainder when 122 is divided by 9?
5
What is the remainder when 219 is divided by 44?
43
Calculate the remainder when 57 is divided by 10.
7
Calculate the remainder when 228 is divided by 98.
32
What is the remainder when 1889 is divided by 86?
83
Calculate the remainder when 587 is divided by 14.
13
What is the remainder when 439 is divided by 52?
23
Calculate the remainder when 346 is divided by 22.
16
What is the remainder when 350 is divided by 93?
71
Calculate the remainder when 2778 is divided by 694.
2
What is the remainder when 1799 is divided by 30?
29
Calculate the remainder when 1424 is divided by 474.
2
Calculate the remainder when 457 is divided by 136.
49
Calculate the remainder when 180 is divided by 38.
28
What is the remainder when 163 is divided by 40?
3
Calculate the remainder when 3152 is divided by 1049.
5
What is the remainder when 1348 is divided by 8?
4
Calculate the remainder when 231 is divided by 47.
43
Calculate the remainder when 2895 is divided by 46.
43
Calculate the remainder when 236 is divided by 72.
20
What is the remainder when 19799 is divided by 90?
89
Calculate the remainder when 704 is divided by 89.
81
What is the remainder when 61 is divided by 32?
29
What is the remainder when 557 is divided by 40?
37
Calculate the remainder when 274 is divided by 103.
68
What is the remainder when 363 is divided by 50?
13
What is the remainder when 7 is divided by 1?
0
Calculate the remainder when 265 is divided by 54.
49
Calculate the remainder when 4185 is divided by 95.
5
What is the remainder when 117 is divided by 20?
17
What is the remainder when 594 is divided by 35?
34
Calculate the remainder when 2021 is divided by 44.
41
Calculate the remainder when 23 is divided by 14.
9
What is the remainder when 604 is divided by 192?
28
Calculate the remainder when 520 is divided by 29.
27
Calculate the remainder when 636 is divided by 128.
124
Calculate the remainder when 175 is divided by 45.
40
Calculate the remainder when 1070 is divided by 140.
90
What is the remainder when 11 is divided by 9?
2
Calculate the remainder when 3631 is divided by 241.
16
Calculate the remainder when 885 is divided by 136.
69
What is the remainder when 68 is divided by 62?
6
Calculate the remainder when 16 is divided by 15.
1
Calculate the remainder when 825 is divided